actors of 64594923?
3, 21531641
List the prime factors of 24104575.
5, 11, 23, 37, 103
List the prime factors of 202546795.
5, 11, 607, 6067
What are the prime factors of 3889746807?
3, 1296582269
List the prime factors of 311398369.
311398369
List the prime factors of 1863186409.
7, 266169487
What are the prime factors of 55332073?
1493, 37061
What are the prime factors of 136487852?
2, 41, 131, 6353
List the prime factors of 221173340.
2, 5, 419, 26393
List the prime factors of 100516040.
2, 5, 373, 6737
List the prime factors of 2947212347.
6449, 457003
What are the prime factors of 18424012?
2, 23, 8707
What are the prime factors of 4404365001?
3, 489373889
What are the prime factors of 2271089323?
19, 119531017
List the prime factors of 55723650.
2, 3, 5, 371491
List the prime factors of 507914274.
2, 3, 7, 12093197
What are the prime factors of 87184669?
11, 13, 609683
What are the prime factors of 894932559?
3, 373, 266587
List the prime factors of 308940568.
2, 38617571
List the prime factors of 855104724.
2, 3, 1697, 13997
List the prime factors of 109346463.
3, 19, 43, 4957
What are the prime factors of 1809841411?
7, 23, 31, 51803
List the prime factors of 965101599.
3, 7, 11, 19, 37, 283
List the prime factors of 94750417.
94750417
List the prime factors of 51711805.
5, 3079, 3359
What are the prime factors of 56523295?
5, 257, 43987
List the prime factors of 676939463.
24179, 27997
List the prime factors of 72284335.
5, 223, 241, 269
List the prime factors of 1099183080.
2, 3, 5, 9159859
List the prime factors of 610067871.
3, 7, 2017, 4801
What are the prime factors of 65044117?
61, 1066297
What are the prime factors of 367478278?
2, 19, 31, 311951
List the prime factors of 35427603.
3, 317, 37253
What are the prime factors of 763841455?
5, 13, 2081, 5647
List the prime factors of 19984436.
2, 2017, 2477
List the prime factors of 684355277.
43, 257, 61927
What are the prime factors of 1267802681?
21211, 59771
What are the prime factors of 212911405?
5, 7, 661, 9203
List the prime factors of 95322159.
3, 29, 73, 5003
List the prime factors of 1137472158.
2, 3, 189578693
List the prime factors of 170089511.
191, 227, 3923
What are the prime factors of 177280889?
177280889
List the prime factors of 520710288.
2, 3, 7, 1549733
List the prime factors of 1078486526.
2, 13, 43, 859, 1123
List the prime factors of 1753261195.
5, 7, 19, 2636483
List the prime factors of 46692509.
46692509
List the prime factors of 1784438472.
2, 3, 47, 1581949
What are the prime factors of 26853701?
7, 3836243
List the prime factors of 140610732.
2, 3, 139, 84299
What are the prime factors of 183919667?
3191, 57637
What are the prime factors of 197291266?
2, 98645633
List the prime factors of 52265744.
2, 1213, 2693
List the prime factors of 154598558.
2, 1459, 52981
What are the prime factors of 82665167?
13, 29, 101, 167
What are the prime factors of 153313121?
13, 11793317
What are the prime factors of 572361954?
2, 3, 37, 2578207
What are the prime factors of 1386199974?
2, 3, 231033329
What are the prime factors of 1385110979?
7, 73, 387227
List the prime factors of 37885300.
2, 5, 457, 829
What are the prime factors of 3307178742?
2, 3, 7, 17, 4631903
What are the prime factors of 20245217?
43, 470819
List the prime factors of 35226141.
3, 11742047
List the prime factors of 336226516.
2, 84056629
What are the prime factors of 323251075?
5, 7, 1847149
What are the prime factors of 3462553637?
3462553637
What are the prime factors of 676526989?
73, 9267493
What are the prime factors of 29318236?
2, 7329559
List the prime factors of 15171918.
2, 3, 19, 133087
List the prime factors of 257825379.
3, 7, 12277399
What are the prime factors of 25579557?
3, 31, 61, 167
List the prime factors of 4564845673.
23, 198471551
What are the prime factors of 1691850220?
2, 5, 84592511
List the prime factors of 227997239.
79, 97, 29753
What are the prime factors of 425143614?
2, 3, 7, 10122467
What are the prime factors of 231697477?
11, 263, 283
List the prime factors of 54723489.
3, 18241163
List the prime factors of 187547196.
2, 3, 17, 919349
List the prime factors of 250298762.
2, 7, 317, 1151
What are the prime factors of 16908491?
16908491
What are the prime factors of 2232597004?
2, 11, 4133, 12277
List the prime factors of 1186766890.
2, 5, 43, 257, 10739
What are the prime factors of 92388926?
2, 7, 37, 59, 3023
List the prime factors of 723195356.
2, 13, 13907603
What are the prime factors of 22844912?
2, 73, 19559
List the prime factors of 2262818960.
2, 5, 29, 31, 73, 431
What are the prime factors of 1162425711?
3, 17, 167, 136483
What are the prime factors of 273384802?
2, 41, 3333961
List the prime factors of 308731508.
2, 77182877
List the prime factors of 36141776.
2, 11, 173, 1187
What are the prime factors of 75781609?
43, 263, 6701
What are the prime factors of 3507596408?
2, 331, 1324621
List the prime factors of 146726444.
2, 227, 283, 571
List the prime factors of 2949851.
29, 101719
List the prime factors of 1697019451.
61, 103, 270097
What are the prime factors of 643974280?
2, 5, 17, 593, 1597
What are the prime factors of 72607122?
2, 3, 7, 191, 431
What are the prime factors of 99983758?
2, 7, 47, 53, 61
What are the prime factors of 34982261?
3947, 8863
What are the prime factors of 249758964?
2, 3, 7, 13, 43, 197
What are the prime factors of 302994043?
11, 17, 147299
List the prime factors of 127797541.
127797541
List the prime factors of 845334.
2, 3, 7, 6709
What are the prime factors of 1229799866?
2, 10139, 60647
List the prime factors of 1306800640.
2, 5, 457, 1117
What are the prime factors of 1625318809?
31, 52429639
What are the prime factors of 28933436?
2, 7, 1033337
What are the prime factors of 157612435?
5, 83, 587, 647
List the prime factors of 19952507.
19952507
List the prime factors of 1397801497.
127, 661, 16651
List the prime factors of 871821357.
3, 11, 257, 102797
What are the prime factors of 1690577653?
31, 3931, 13873
What are the prime factors of 39292173?
3, 277, 15761
What are the prime factors of 39691147?
199, 199453
What are the prime factors of 246174706?
2, 123087353
What are the prime factors of 660950097?
3, 719, 306421
List the prime factors of 4569160975.
5, 17, 29, 370723
List the prime factors of 80355221.
1039, 77339
List the prime factors of 44727355.
5, 8945471
List the prime factors of 2226788.
2, 556697
List the prime factors of 1821461.
29, 107, 587
List the prime factors of 140230401.
3, 113, 167, 2477
List the prime factors of 252455336.
2, 7, 59, 109, 701
List the prime factors of 82146975.
3, 5, 17, 19, 3391
List the prime factors of 54192457.
11, 37, 47, 2833
List the prime factors of 49274831.
569, 86599
List the prime factors of 153703532.
2, 4877, 7879
What are the prime factors of 544554962?
2, 7, 67, 580549
List the prime factors of 505448199.
3, 17, 47, 70289
List the prime factors of 222657879.
3, 601, 123493
List the prime factors of 267653037.
3, 1447, 61657
List the prime factors of 24094615.
5, 4818923
List the prime factors of 20241734.
2, 43, 235369
What are the prime factors of 499770691?
7, 227, 367, 857
List the prime factors of 102003296.
2, 3187603
List the prime factors of 3601663323.
3, 29, 67, 617887
What are the prime factors of 10767247?
10767247
What are the prime factors of 1254377207?
19, 541, 122033
List the prime factors of 45638618.
2, 53, 430553
List the prime factors of 2071166357.
13, 1777, 89657
What are the prime factors of 32762609?
11, 2978419
What are the prime factors of 155110344?
2, 3, 23, 280997
List the prime factors of 537747548.
2, 13, 10341299
What are the prime factors of 74093882?
2, 19, 1949839
What are the prime factors of 310396309?
29, 71, 233, 647
List the prime factors of 2109504948.
2, 3, 47, 229, 16333
List the prime factors of 72116768.
2, 2253649
What are the prime factors of 74029145?
5, 499, 29671
What are the prime factors of 4505446?
2, 11, 204793
List the prime factors of 244623659.
7, 17, 83, 24767
List the prime factors of 75528705.
3, 5, 7, 17, 19, 131
List the prime factors of 107001006.
2, 3, 7, 363949
List the prime factors of 314424117.
3, 7, 821, 6079
What are the prime factors of 1487411826?
2, 3, 247901971
List 